{"version":"1.0","provider_name":"Wiener Schule f\u00fcr Bewusstsein","provider_url":"https:\/\/www.schule-bewusstsein.com\/Wordpress","author_name":"wordpressadmin","author_url":"https:\/\/www.schule-bewusstsein.com\/Wordpress\/author\/wordpressadmin\/","title":"astrologische Einbettung der Fr\u00fchlings Tag- und Nachtgleiche 2026 - Wiener Schule f\u00fcr Bewusstsein","type":"rich","width":600,"height":338,"html":"<blockquote class=\"wp-embedded-content\" data-secret=\"7sAqg4kZmV\"><a href=\"https:\/\/www.schule-bewusstsein.com\/Wordpress\/ostfest-2026-astrologische-einbettung\/\">astrologische Einbettung der Fr\u00fchlings Tag- und Nachtgleiche 2026<\/a><\/blockquote><iframe sandbox=\"allow-scripts\" security=\"restricted\" src=\"https:\/\/www.schule-bewusstsein.com\/Wordpress\/ostfest-2026-astrologische-einbettung\/embed\/#?secret=7sAqg4kZmV\" width=\"600\" height=\"338\" title=\"&#8222;astrologische Einbettung der Fr\u00fchlings Tag- und Nachtgleiche 2026&#8220; &#8211; Wiener Schule f\u00fcr Bewusstsein\" data-secret=\"7sAqg4kZmV\" frameborder=\"0\" marginwidth=\"0\" marginheight=\"0\" scrolling=\"no\" class=\"wp-embedded-content\"><\/iframe><script>\n\/*! This file is auto-generated *\/\n!function(d,l){\"use strict\";l.querySelector&&d.addEventListener&&\"undefined\"!=typeof URL&&(d.wp=d.wp||{},d.wp.receiveEmbedMessage||(d.wp.receiveEmbedMessage=function(e){var t=e.data;if((t||t.secret||t.message||t.value)&&!\/[^a-zA-Z0-9]\/.test(t.secret)){for(var s,r,n,a=l.querySelectorAll('iframe[data-secret=\"'+t.secret+'\"]'),o=l.querySelectorAll('blockquote[data-secret=\"'+t.secret+'\"]'),c=new RegExp(\"^https?:$\",\"i\"),i=0;i<o.length;i++)o[i].style.display=\"none\";for(i=0;i<a.length;i++)s=a[i],e.source===s.contentWindow&&(s.removeAttribute(\"style\"),\"height\"===t.message?(1e3<(r=parseInt(t.value,10))?r=1e3:~~r<200&&(r=200),s.height=r):\"link\"===t.message&&(r=new URL(s.getAttribute(\"src\")),n=new URL(t.value),c.test(n.protocol))&&n.host===r.host&&l.activeElement===s&&(d.top.location.href=t.value))}},d.addEventListener(\"message\",d.wp.receiveEmbedMessage,!1),l.addEventListener(\"DOMContentLoaded\",function(){for(var e,t,s=l.querySelectorAll(\"iframe.wp-embedded-content\"),r=0;r<s.length;r++)(t=(e=s[r]).getAttribute(\"data-secret\"))||(t=Math.random().toString(36).substring(2,12),e.src+=\"#?secret=\"+t,e.setAttribute(\"data-secret\",t)),e.contentWindow.postMessage({message:\"ready\",secret:t},\"*\")},!1)))}(window,document);\n\/\/# sourceURL=https://mlrihigbn6vo.i.optimole.com/f:js/q:mauto/m:0/https://www.schule-bewusstsein.com/Wordpress/wp-includes/js/wp-embed.min.js\n<\/script>\n","thumbnail_url":"https:\/\/mlrihigbn6vo.i.optimole.com\/w:auto\/h:auto\/q:mauto\/f:best\/ig:avif\/https:\/\/www.schule-bewusstsein.com\/Wordpress\/wp-content\/uploads\/2026\/02\/Astro_2026-03-20.jpg","thumbnail_width":1086,"thumbnail_height":840,"description":"Die Qualit\u00e4ten Fr\u00fchjahr, Widder und Mars Der Fr\u00fchlingsbeginn ist einer der vier Jahreszeiten-Wendepunkte: eine der beiden Tag- und Nachtgleichen.Die Natur beginnt zu erwachen, zu treiben und sprie\u00dfen. Zunehmende Lebendigkeit und mehr Licht kennzeichnen diese Zeit. Astronomisch ist der Fr\u00fchlingsbeginn der Wechsel der Sonne vom Fisch in den Widder, genau gesagt auf 0\u00b000\u201800\u201c \u2013 also pr\u00e4zise [&hellip;]"}

Wiener Schule für Bewusstsein

astrologische Einbettung der Frühlings Tag- und Nachtgleiche 2026 - Wiener Schule für Bewusstsein

<blockquote class="wp-embedded-content" data-secret="7sAqg4kZmV"><a href="https://www.schule-bewusstsein.com/Wordpress/ostfest-2026-astrologische-einbettung/">astrologische Einbettung der Frühlings Tag- und Nachtgleiche 2026</a></blockquote><iframe sandbox="allow-scripts" security="restricted" src="https://www.schule-bewusstsein.com/Wordpress/ostfest-2026-astrologische-einbettung/embed/#?secret=7sAqg4kZmV" width="600" height="338" title="&#8222;astrologische Einbettung der Frühlings Tag- und Nachtgleiche 2026&#8220; &#8211; Wiener Schule für Bewusstsein" data-secret="7sAqg4kZmV" frameborder="0" marginwidth="0" marginheight="0" scrolling="no" class="wp-embedded-content"></iframe><script>
/*! This file is auto-generated */
!function(d,l){"use strict";l.querySelector&&d.addEventListener&&"undefined"!=typeof URL&&(d.wp=d.wp||{},d.wp.receiveEmbedMessage||(d.wp.receiveEmbedMessage=function(e){var t=e.data;if((t||t.secret||t.message||t.value)&&!/[^a-zA-Z0-9]/.test(t.secret)){for(var s,r,n,a=l.querySelectorAll('iframe[data-secret="'+t.secret+'"]'),o=l.querySelectorAll('blockquote[data-secret="'+t.secret+'"]'),c=new RegExp("^https?:$","i"),i=0;i<o.length;i++)o[i].style.display="none";for(i=0;i<a.length;i++)s=a[i],e.source===s.contentWindow&&(s.removeAttribute("style"),"height"===t.message?(1e3<(r=parseInt(t.value,10))?r=1e3:~~r<200&&(r=200),s.height=r):"link"===t.message&&(r=new URL(s.getAttribute("src")),n=new URL(t.value),c.test(n.protocol))&&n.host===r.host&&l.activeElement===s&&(d.top.location.href=t.value))}},d.addEventListener("message",d.wp.receiveEmbedMessage,!1),l.addEventListener("DOMContentLoaded",function(){for(var e,t,s=l.querySelectorAll("iframe.wp-embedded-content"),r=0;r<s.length;r++)(t=(e=s[r]).getAttribute("data-secret"))||(t=Math.random().toString(36).substring(2,12),e.src+="#?secret="+t,e.setAttribute("data-secret",t)),e.contentWindow.postMessage({message:"ready",secret:t},"*")},!1)))}(window,document);
//# sourceURL=https://mlrihigbn6vo.i.optimole.com/f:js/q:mauto/m:0/https://www.schule-bewusstsein.com/Wordpress/wp-includes/js/wp-embed.min.js
</script>

Die Qualitäten Frühjahr, Widder und Mars Der Frühlingsbeginn ist einer der vier Jahreszeiten-Wendepunkte: eine der beiden Tag- und Nachtgleichen.Die Natur beginnt zu erwachen, zu treiben und sprießen. Zunehmende Lebendigkeit und mehr Licht kennzeichnen diese Zeit. Astronomisch ist der Frühlingsbeginn der Wechsel der Sonne vom Fisch in den Widder, genau gesagt auf 0°00‘00“ – also präzise [&hellip;]
